**4. Determine s(1).
-3
Let u(s) be the third derivative of -s**5/20 + s**4/6 - s**3/3 + 681*s**2. Suppose 3*a = 3*k + 3, -a - 2*a = 5*k - 11. What is u(a)?
-6
Let j = 40 - 37. Let g(o) = -1 + 13*o + 10*o + o**j + 3*o**2 - 22*o. Determine g(-2).
1
Let h(k) be the third derivative of k**5/60 + k**4/4 - 7*k**3/6 + 782*k**2. Let c be (2 - (-1 - -1))*-2. Let r be c/6 - (-13)/(-3). What is h(r)?
-12
Let v(z) = -5*z**2 + z - 1. Let u(k) = 13*k**2 - 75*k - 4. Let q(o) = -u(o) - 4*v(o). Determine q(-10).
-2
Suppose 2*j = 4 + 6. Suppose 6 + 4 = 3*t - j*s, -3*s = -3*t + 6. Let l(b) = -2*b + 2 + 3*b + t*b. Calculate l(2).
4
Suppose 2*g + 3*b + 7 = 0, 0 = -2*g + 6*g - b - 21. Let h(m) = -5 + 3*m - 8*m + 9*m + 2 + 3*m**2 - m**3. What is h(g)?
-3
Let f(x) = 5*x - 4. Let i(g) = g**3 + 36*g**2 + 4*g + 141. Let a be i(-36). Calculate f(a).
-19
Let t = 22 - 25. Let f be 1 - (-1)/(t + 4). Let k(i) = i**2 + 1 - 14*i + 0*i**2 + 16*i - 3*i**f. Calculate k(-1).
-3
Let t(i) = 3*i**3 + 16*i**2 + 20*i + 19. Let v(z) = z**3 + z - 1. Let b(u) = t(u) - 4*v(u). What is b(17)?
6
Let h = 15 - 13. Let u(j) = 5*j**h + 1 - j**2 - j**3 - 8*j + 1. Let c(a) = a - 1. Let n(f) = 5*c(f) + u(f). What is n(3)?
-3
Let i(s) = 3*s - 1. Let u(a) be the third derivative of a**4/24 - 9*a**2. Let g(v) = -i(v) + 4*u(v). Suppose -2*h = -5*y + 9 - 24, -h = -5. What is g(y)?
0
Let q(p) = -8*p + 11. Let w(h) = 17*h - 20. Let f(y) = 11*q(y) + 6*w(y). Determine f(-2).
-27
Let m be 6/8*2968/(-318). Let g(w) = -w**2 - 5*w + 21. Determine g(m).
7
Suppose -2*p + 6*p - 16 = 0. Let i be 30*4*p/40. Suppose 4*h - i = 6*h. Let c(d) = d - 3. Determine c(h).
-9
Let l(b) = -2*b**2 - 5*b + 4. Let t(z) = 3*z**2 + 4*z - 3. Let i(k) = -4*l(k) - 3*t(k). Let q = -134 - -140. Give i(q).
5
Let j = 715 - 4289/6. Let f(a) be the second derivative of -a**2 + 0 + 4*a + j*a**3. Determine f(-2).
-4
Let o(z) = -3*z + 7. Let j(r) = 2*r - 6. Let i(l) = 6*j(l) + 5*o(l). Let s = 33 + -20. Let w = s - 12. Give i(w).
-4
Let o(a) = -5*a + 29. Let z(m) = -m + 6. Let r(h) = -2*o(h) + 11*z(h). Suppose 5*b + 5 = 3*b - 5*p, -5 = 3*b + 5*p. What is r(b)?
8
Let n(z) = -4*z + 10*z**2 - 4*z**2 - z**2 - 7*z**2 - 3. Suppose 2*y = -2*y - 4. Let r = -2 + y. What is n(r)?
-9
Let z(p) = p**2 - 12*p - 10. Let o be z(15). Let q = o + -29. Let t(m) = -m**2 + 6*m - 4. Determine t(q).
-4
Let u(g) = g**3 + 7*g**2 + 9*g + 3. Suppose 2*v + 14 + 8 = -2*y, -y + 4*v - 31 = 0. Let t = -21 - y. Give u(t).
-15
Let k(m) = m**3 + 5*m**2 - 3. Let a(y) = 14*y + 23. Let w be a(-2). Let x be k(w). Let j(d) = -d**2 - d + 0*d**2 + 4 - 3*d. Determine j(x).
7
Let m = 1324 - 1329. Let y(r) = 2*r**3 + 19*r**2 + 3*r + 19. Let i(b) = b**3 + 9*b**2 + 2*b + 9. Let s(l) = 7*i(l) - 3*y(l). Determine s(m).
6
Let t = 6 - 27. Let b be (-7)/(t/9) + -3. Let n(x) = -x - 1. Determine n(b).
-1
Let r(w) = 3*w**2 - w - 1. Let p(f) = -8*f**2 + 5*f. Let q(g) = -p(g) - 3*r(g). Suppose v + 0*v - 3 = 0. Determine q(v).
-12
Let u(n) = -8*n. Let q be u(-1). Let r = q - 7. Let t(b) = -11*b + 1. What is t(r)?
-10
Let c(x) be the first derivative of -20*x**2 + 2*x - 444. Determine c(1).
-38
Let c(t) = -175*t - t**2 - 2*t**2 + t**3 - 2 - t**2 + 177*t. Calculate c(3).
-5
Let o(z) be the second derivative of 7/6*z**3 - 1/12*z**4 + 0 + 10*z - 7/2*z**2. Calculate o(6).
-1
Let j(f) = 7*f**2 + f. Suppose 4*m - 10 = -5*x - 0*m, -x + 2 = 5*m. Let n be x/4*15/((-105)/(-14)). Give j(n).
8
Let l(p) be the third derivative of 7/60*p**5 + 0*p + 0 + 1/6*p**4 + 1/120*p**6 - 7/6*p**3 - 19*p**2. Give l(-6).
5
Let n(a) = -a + 6. Let l be n(4). Suppose 2*c - 11 = -0*b - b, -4*c - 5*b = -31. Let j(u) = -c - 2*u + 3 + 3*u**2 + u**2. Calculate j(l).
11
Let b(t) = -t**3 + 4*t**2 + 4*t + 6. Suppose 89 = -3*g - 49. Let s = g - -51. Determine b(s).
1
Let v be (-12)/42 - (-23)/7. Let y = v - 9. Let c(l) be the second derivative of -l**5/20 - 5*l**4/12 + 4*l**3/3 + 9*l**2/2 - 7*l. What is c(y)?
-3
Suppose 2*o = 7*o. Suppose d = -2*s - 2*s + 19, 5 = -5*d + 5*s. Let j(i) = i + 5*i**3 - 3 - 3*i**d + 0*i**3 - 3*i**3. Give j(o).
-3
Let p(g) = -g - 7. Let s = 1 + 3. Suppose -5*h = 3*o - 16, -21 = -3*h + s*o - 2*o. Suppose -a = -h*a. What is p(a)?
-7
Suppose -5*k + 2*k - 8 = -4*l, -4*k = 3*l - 6. Suppose k = q - 2*q. Let p(u) = u - 38 + 68 - 37. What is p(q)?
-7
Let y(n) = -3*n + 12. Let h be y(3). Let f(i) = -6 - i - 3*i - i**3 - 3*i - 5*i**2 + h*i. Calculate f(-4).
-6
Let k(x) = -x**3 + 6*x**2 - 2*x + 2. Suppose t - 2*i = 20, 16 = 2*t - 2*i - 16. Let j be (1/(-2))/(59/t + -5). Give k(j).
-10
Let x be -1*1/4 + 15/60. Let k(i) = -i + 2*i + 0*i + 12 + i**2. Calculate k(x).
12
Let y(a) = -1 - 9*a - 14 - 7*a**2 + 28*a - 7*a**3 + 2. Let g(x) = -3*x**3 - 4*x**2 + 9*x - 6. Let n(m) = -5*g(m) + 2*y(m). What is n(-7)?
4
Let o(j) = -j**2 + j - 1. Let l(c) = 6*c**2 - 17*c + 9. Let w(k) = -l(k) - 5*o(k). Give w(11).
7
Let f(w) be the second derivative of -5*w**4/24 + 5*w**3/6 - 5*w**2/2 + 11*w. Let n(o) be the first derivative of f(o). What is n(4)?
-15
Let x be (4/(-5))/((-2)/10). Let l be 259/35 - 4/10. Let v(w) = 0 - 5 - 5*w + l*w. Calculate v(x).
3
Let c(l) be the third derivative of l**6/120 + l**5/12 - 3*l**4/8 + 5*l**3/6 - 370*l**2. Determine c(-7).
-30
Let a(t) = 286*t - 5 - 296*t + 1 - t**2. Calculate a(-9).
5
Let p be (-3 + 2)*(2 + -4). Suppose 0*l + 9 = 3*i + l, 4*l + 6 = p*i. Let b(n) = n**3 - i*n - 4 + 0 - n**2 + 2 - 1. Determine b(3).
6
Let j(v) = 2*v + 4. Let k(d) = 3*d + 15. Let o be 1/(-7) + (-172)/(-28). Suppose 0 = -b - 1 - o. Let p be k(b). Determine j(p).
-8
Let k(b) be the second derivative of -b**5/60 + 5*b**4/24 + b**3/2 - 6*b**2 + 11*b. Let f(i) be the first derivative of k(i). What is f(4)?
7
Suppose -2*l = -3*l + 5. Let m(p) be the first derivative of -3*p**2/2 + 2*p + 26. What is m(l)?
-13
Let x = -104 + 107. Let g(t) = -t**3 + 3*t**2 + 2*t + 1. What is g(x)?
7
Let d(t) = t**3 - 6*t**2 + 4*t + 2. Let m = 147 - 143. Give d(m).
-14
Let f(w) = -5 + 2 + 10*w - 9*w. Calculate f(10).
7
Let u(s) = -4 - 6 - 6 + 9*s + s**2 - 2*s**2. Let d be u(7). Let c(k) = 0*k**3 + 0*k - k**3 - 3*k - 3*k**2 - 3. Determine c(d).
-1
Let o(i) = -i**3 + 2*i**2 + i - 2. Suppose 12 - 24 = -6*g. Give o(g).
0
Let b(w) = -w**2 + 11*w - 18. Let z be b(9). Let f(a) = 10 + z*a**2 + 4*a + a**2 + 0*a**2 - 6 - a**3. Calculate f(4).
-28
Let w(s) = -s**2 - 10*s + 17. Let l(z) = z**2 - 1. Let m(d) = -2*l(d) - w(d). Let o be m(7). Let v(h) = -h**2 + 7*h + 2. Determine v(o).
8
Let x(f) = 10*f - 2. Let z(p) = 7*p**2 + 99*p + 17. Let i be z(-14). Calculate x(i).
28
Suppose 5*h - 2*g + 19 = 0, -3*h = -4*h + 5*g + 10. Let p(l) = -5*l**2 - 8*l + 25. Let u(d) = -11*d**2 - 17*d + 55. Let i(z) = -9*p(z) + 4*u(z). Calculate i(h).
0
Let l(b) = -16*b**2 - 17*b**2 - 3*b + 35*b**2 + b**3 - 5 - 2. Determine l(-3).
-7
Let m(a) = -a**2 - 6*a - 3. Let x be ((-8)/(-14))/(16/7 + -2). Suppose i + 4 = -x. Calculate m(i).
-3
Let x(f) = -3*f**2 - 3*f + 8. Suppose 0 = b + 4*b, 28 = -4*g + 2*b. Let r(u) = -3*u**2 - 2*u + 7. Let m(j) = g*r(j) + 6*x(j). Determine m(3).
14
Let n(z) be the second derivative of -z**5/60 + z**3/3 - 6*z. Let o(q) be the second derivative of n(q). Determine o(2).
-4
Let c(s) be the second derivative of -s**5/20 - s**4/12 - s**2/2 - 3*s. Let w be c(-2). Let k = 0 + w. Let v(u) = -u**3 + 3*u**2 - u. Determine v(k).
-3
Let k(n) be the first derivative of -n**4 - 2*n**3/3 + n - 8. Suppose 3*b + 3*x + 3 = 6*b, -x - 3 = -3*b. Determine k(b).
-5
Let b(j) be the first derivative of 8*j**3/3 + j**2/2 - j - 340. Give b(-1).
6
Let l be (-28)/5 - 60/(-100). Let q(n) = -n**3 - n**2 - 1. Let c(g) = 4*g**3 + 9*g**2 - g + 2. Let f(j) = l*q(j) - c(j). Calculate f(4).
7
Let o(f) be the second derivative of f**5/20 + f**4/6 - f**3/6 + 3*f**2/2 + 125*f. What is o(-3)?
-3
Let i(a) = 4*a + 5. Let v(m) = -12*m - 16. Let b(c) = -10*i(c) - 3*v(c). Let n = 91 - 93. Give b(n).
6
Suppose 0 = -4*z + 2*z + 4. Let c(d) = 3*d - 4*d**z - 5*d + 5*d**2 + d + 3. Calculate c(0).
3
Suppose 18*s = 13*s - 15. Let f be s/(-4) - 10/(-8). Let y(o) = -3 + o + 7*o**3 - 2*o - f*o**2 - 8*o**3 + 2. What is y(-2)?
1
Let y = 58 - 74. Let j = -11 - y. Let l(s) = s**2 - 4*s + 7. What is l(j)?
12
Let f(p) = -p**2 + 17*p - 21. Let w(u) = 3*u**2 - 48*u + 63. Let m(c) = 8*f(c) + 3*w(c). What is m(6)?
9
Let f(